ommon divisor of 45 and 34890?
15
What is the highest common factor of 52 and 4852874?
26
What is the highest common factor of 573344 and 38?
38
What is the highest common divisor of 235504 and 1968?
656
Calculate the greatest common factor of 91962 and 1161.
27
Calculate the highest common divisor of 12566 and 18334.
206
Calculate the highest common divisor of 11342516 and 844.
844
Calculate the highest common factor of 12200 and 22936.
488
Calculate the greatest common factor of 2664 and 232.
8
Calculate the greatest common divisor of 243 and 3524229.
243
Calculate the highest common factor of 1524 and 1032.
12
What is the highest common factor of 201 and 414663?
201
Calculate the greatest common divisor of 27839 and 246.
41
Calculate the greatest common divisor of 424 and 3176.
8
Calculate the highest common factor of 6986 and 826.
14
What is the greatest common factor of 400929 and 321?
321
What is the greatest common factor of 228 and 28158?
114
Calculate the greatest common factor of 5192 and 374.
22
Calculate the greatest common factor of 8458 and 126.
2
Calculate the highest common divisor of 7421388 and 104.
52
What is the highest common factor of 23235 and 45?
15
Calculate the highest common factor of 2725 and 15850.
25
Calculate the highest common divisor of 5840 and 25.
5
What is the greatest common divisor of 12740 and 5005?
455
What is the highest common divisor of 42240 and 30?
30
What is the greatest common divisor of 108948 and 1323?
21
Calculate the highest common factor of 11666 and 494.
38
Calculate the greatest common factor of 28 and 79842.
14
Calculate the highest common divisor of 2236 and 47580.
52
What is the greatest common factor of 808643 and 902?
451
What is the greatest common divisor of 81796 and 4?
4
Calculate the highest common divisor of 6 and 352318.
2
Calculate the highest common factor of 75867 and 22.
11
What is the highest common divisor of 52186 and 873?
97
Calculate the greatest common factor of 30 and 243690.
30
Calculate the highest common divisor of 765 and 3145.
85
Calculate the highest common factor of 260 and 16965.
65
Calculate the highest common factor of 6561 and 18423.
9
What is the highest common factor of 8246 and 46438?
434
Calculate the highest common factor of 32238 and 263874.
1194
What is the greatest common factor of 18078 and 828?
138
Calculate the highest common factor of 15 and 52755.
15
What is the greatest common divisor of 27156 and 1023?
93
What is the greatest common factor of 16 and 412?
4
What is the highest common divisor of 5586 and 8967?
147
Calculate the greatest common factor of 25878 and 228.
114
Calculate the greatest common factor of 56 and 232057.
7
Calculate the greatest common factor of 10560 and 47905.
55
What is the highest common factor of 30 and 637365?
15
What is the greatest common divisor of 690 and 579030?
30
Calculate the highest common divisor of 614 and 28858.
614
What is the highest common factor of 30 and 528690?
30
Calculate the highest common factor of 28738 and 2.
2
Calculate the highest common factor of 1455 and 240.
15
Calculate the highest common divisor of 210624 and 192.
192
Calculate the highest common divisor of 1344 and 744.
24
Calculate the greatest common divisor of 76196 and 6536.
172
What is the greatest common divisor of 410 and 5360?
10
What is the greatest common divisor of 1932 and 4423636?
644
Calculate the greatest common factor of 214 and 628946.
214
What is the greatest common divisor of 19292 and 509012?
1484
Calculate the highest common divisor of 423 and 153502.
47
Calculate the greatest common divisor of 1060 and 29180.
20
Calculate the highest common factor of 27729 and 135.
27
Calculate the greatest common factor of 123 and 302211.
123
What is the highest common factor of 48917 and 11?
11
What is the highest common divisor of 102 and 36074?
34
Calculate the highest common divisor of 1792530 and 81.
81
What is the greatest common factor of 1261 and 4462?
97
Calculate the highest common divisor of 2477112 and 4356.
1452
Calculate the highest common factor of 41 and 34112.
41
Calculate the highest common factor of 134150 and 50.
50
What is the greatest common divisor of 56 and 13594?
14
Calculate the highest common factor of 11685 and 1476.
123
What is the greatest common divisor of 768 and 21696?
192
What is the highest common factor of 128107 and 56?
7
Calculate the greatest common factor of 1923287 and 542.
271
What is the highest common divisor of 205230 and 330?
30
Calculate the highest common divisor of 92 and 4096944.
92
What is the highest common divisor of 11289 and 1136?
71
Calculate the greatest common factor of 8 and 4165304.
8
Calculate the greatest common divisor of 8702 and 75799.
229
What is the greatest common factor of 6604 and 10036?
52
Calculate the greatest common divisor of 4416 and 5336.
184
Calculate the greatest common factor of 13640 and 12760.
440
Calculate the highest common divisor of 16530 and 754.
58
Calculate the highest common divisor of 12028 and 124.
124
What is the highest common divisor of 357 and 555?
3
Calculate the greatest common factor of 3523 and 13.
13
Calculate the greatest common factor of 2315610 and 176.
22
What is the highest common factor of 1375 and 98725?
275
What is the highest common factor of 4 and 209741?
1
Calculate the greatest common factor of 720 and 6288.
48
What is the highest common divisor of 80 and 856450?
10
Calculate the highest common divisor of 360 and 76860.
180
What is the greatest common factor of 2178 and 56925?
99
Calculate the greatest common divisor of 447 and 2848731.
447
Calculate the highest common divisor of 99211 and 14.
7
Calculate the highest common factor of 254 and 3683.
127
What is the highest common factor of 67 and 3774713?
67
Calculate the highest common factor of 89928 and 64.
8
What is the highest common factor of 2050 and 24000?
50
Calculate the greatest common divisor of 84723 and 14576.
911
What is the greatest common divisor of 929918 and 4730?
946
Calculate the highest common divisor of 30 and 1153410.
30
What is the greatest common divisor of 28665 and 1395?
45
Calculate the highest common factor of 847303 and 1641.
547
Calculate the highest common divisor of 5296 and 624.
16
What is the highest common divisor of 8 and 83366?
2
What is the greatest common factor of 331068 and 72?
12
Calculate the highest common divisor of 242062 and 254.
254
What is the greatest common factor of 88 and 50006?
22
Calculate the highest common factor of 5371956 and 18.
18
What is the greatest common divisor of 91 and 6601?
7
Calculate the greatest common factor of 12152 and 30597.
217
What is the highest common factor of 274 and 1566458?
274
Calculate the highest common divisor of 3901 and 1411.
83
Calculate the highest common divisor of 80230 and 190.
10
What is the greatest common factor of 1065 and 108275?
355
Calculate the greatest common factor of 319 and 50567.
11
Calculate the greatest common factor of 2034 and 942.
6
Calculate the greatest common divisor of 125715 and 3045.
435
Calculate the greatest common divisor of 30948 and 1596.
12
What is the highest common factor of 3 and 22718?
1
Calculate the greatest common divisor of 725 and 70035.
145
What is the highest common divisor of 2233 and 4928?
77
Calculate the highest common divisor of 495949 and 253.
23
What is the greatest common divisor of 40 and 242?
2
Calculate the highest common factor of 41861 and 205.
41
Calculate the greatest common divisor of 367612 and 18657.
691
Calculate the greatest common divisor of 68 and 4067522.
34
Calculate the highest common factor of 20 and 2652320.
20
Calculate the highest common factor of 780 and 1230.
30
What is the greatest common divisor of 1411534 and 478?
478
Calculate the greatest common factor of 12922544 and 328.
328
What is the highest common divisor of 129104 and 16?
16
Calculate the greatest common factor of 948 and 247744.
316
What is the highest common divisor of 256 and 18624?
64
Calculate the highest common divisor of 14331 and 561.
51
Calculate the highest common divisor of 1232180 and 20.
20
Calculate the greatest common divisor of 2648454 and 29.
29
What is the greatest common divisor of 3712 and 60304?
16
What is the greates